when 42 is divided by c(3).
12
Let m(p) = -35*p**3 - 4*p**2 + 3. Calculate the remainder when 216 is divided by m(-1).
12
Let h be (-2)/(-1 + (-44)/(-46)). Suppose h*d - 47*d = -6. What is the remainder when 81 is divided by d?
3
Suppose 0 = -4*z + a + 2*a + 73, 2*a - 78 = -4*z. Let x(c) = -22*c - 18. Let t be x(-5). Let y = t + -56. What is the remainder when y is divided by z?
17
Let m = -3012 + 3052. Calculate the remainder when 129 is divided by m.
9
Let q = 11 + -13. Let a be 1/(-2)*q - -20. Let s = a - 17. What is the remainder when 7 is divided by s?
3
Suppose 330 = 1330*k - 1324*k. What is the remainder when 103 is divided by k?
48
Suppose -8*k = -5564 - 2484. What is the remainder when k is divided by 42?
40
Let z = -70 + 214. Suppose -o - z = -9*o. What is the remainder when o is divided by (12 - 2 - -2) + -2?
8
Suppose -6*p + 144 = 10*p. Calculate the remainder when 44 is divided by p.
8
Let p(t) = 2*t**2 + t + 10. Let a be p(0). Suppose 5*h = a, -r - 4*h + 20 = -0*h. What is the remainder when 44 is divided by r?
8
Let i(s) = 7*s**2 + 5*s - 1. What is the remainder when 97 is divided by i(-2)?
12
Suppose -m + 5*w + 127 = m, m + 2*w = 59. Calculate the remainder when 236 is divided by m.
53
Let z be (1 + -2 - -2) + -1. Let k(a) = 9 + 39 + a - 2*a**3 + a**2 + a**3. Calculate the remainder when k(z) is divided by 17.
14
Let m be (4/3)/(2 - (-552)/(-279)). Let k = -26 + m. What is the remainder when k is divided by 19?
17
Let x(k) = -k**2 + 20*k + 20. Let c be x(16). Suppose u - 35 = -4*u. Suppose -u*v + c = -v. What is the remainder when 23 is divided by v?
9
Let j(o) = 11*o**2 + 2*o - 1. Let t(s) = -3*s**2 - 8. Let d be t(-6). What is the remainder when j(2) is divided by d/(-10) + 6/15?
11
Suppose o + 36 = 38. Suppose 0 = -2*a + 3*v - 10, -o*a = 2*a + 4*v - 20. Calculate the remainder when a is divided by 1.
0
Let x = -14 - 1. Let z = 31 + x. Calculate the remainder when 59 is divided by z.
11
What is the remainder when 72 is divided by -4 + 9 - -12 - (0 - -2)?
12
Suppose 0 = -h - 4*h. Suppose h*w - 20 = 5*w. What is the remainder when 9 is divided by ((-36)/30)/(w/10)?
0
Let l(z) = 11*z**2 - 6*z + 3. Suppose 238*a = 229*a + 153. What is the remainder when l(3) is divided by a?
16
Suppose -242 = -4*a - 5*d, a + 3*d = -d + 55. Calculate the remainder when a is divided by ((-30)/(-10))/((-3)/(-22)).
19
Let z be 6/(-8)*(-197 + -19). Suppose 0 = 6*p + 3*p - z. What is the remainder when p is divided by 11?
7
Let n = -16 + 20. Suppose f - 13 = n*g, -5*f + 5*g + 21 = -14. Suppose c + 4*c - 320 = -3*s, 350 = f*c - 3*s. Calculate the remainder when c is divided by 17.
16
Let c be (132 - 0) + -1 - 0/3. Suppose -9*y + 121 = -c. Suppose 0 = 5*h - h - 328. Calculate the remainder when h is divided by y.
26
Let n be ((-8)/(-2) - 3) + 43. Calculate the remainder when ((-7)/(-4))/(1/n) is divided by 16.
13
Suppose 3*h + 3*c = 117, 13*h - 9*h + c = 171. Calculate the remainder when 304 is divided by h.
40
Let f(k) = 3*k**2 - 43*k + 16. Let w be f(14). Calculate the remainder when 8 is divided by (11/w - 1) + 11/(-22).
0
Suppose -4827 = -5*q - 3247. What is the remainder when q is divided by 46?
40
What is the remainder when ((-1 + 4)/(12/(-44)))/(-1) is divided by 7?
4
Let v(n) = 3*n**2 - 6*n + 53. Calculate the remainder when 181 is divided by v(5).
83
Suppose -1033 = 16*p + 39. Suppose 4*s + 5*m + 502 = 0, 4*m - 4 - 4 = 0. Let y = p - s. What is the remainder when y is divided by 21?
19
Let b(g) = 3*g**2 + 4*g + 11. Let k be b(-6). Let u = -67 + k. Let s(c) = -11*c - 1. Calculate the remainder when s(-10) is divided by u.
25
Calculate the remainder when 235 is divided by (2 - 1)/((-6)/(-102)).
14
Let h(m) = -4*m - 18 + m - 16 - 2*m. What is the remainder when h(-16) is divided by 24?
22
Suppose s - 347 = -4*u, -17*s - 92 = -u - 12*s. Calculate the remainder when u is divided by 18.
15
Let q(r) = r + 2. Let w(n) = 1. Let i(j) = -q(j) + 3*w(j). Let z be i(-4). Suppose p = -p - 2, 2*g = z*p + 29. What is the remainder when g is divided by 6?
0
Suppose -11*l = -2*l. Suppose l = -6*n + 5 + 49. Calculate the remainder when n is divided by 5.
4
Suppose -17*r + 19*r = -2*w + 242, -125 = -w + r. Calculate the remainder when w is divided by 2.
1
Let h(k) = -k**2 + 9*k + 19. What is the remainder when 26 is divided by h(10)?
8
Suppose 4*j - 72 = -5*i, 0*j + 5*i + 36 = 2*j. Suppose -4*v + 7 = h + 4, j = 3*h + 3*v. Let s = 46 - 19. Calculate the remainder when s is divided by h.
6
Suppose 0 = 5*g + 5*r - 1515, -915 = -8*g + 5*g - r. What is the remainder when g is divided by 44?
42
Let a = 15 - -21. Let d = a + 9. Suppose 31 = h - 2*c, 0 = h + c + 4*c - d. Calculate the remainder when h is divided by 18.
17
Suppose j - 3*j + 1 = -3*s, -3*j = s - 29. What is the remainder when j is divided by 1/(-3) + 64/12?
3
Let p = 120 + -112. Calculate the remainder when 16 - 0 - (p - 5) is divided by 8.
5
Let k = 278 - 246. What is the remainder when k is divided by 9?
5
Let y be 0 + -1 - 9*-3. Let r = -12 + y. Suppose -1296*t = -1285*t - 275. Calculate the remainder when t is divided by r.
11
Let b be -2 + 2 + 0 + 2. Suppose 2429 = 5*x + 4*j, 4*x - 2*j - b*j = 1936. Suppose -6*i + i = -x. Calculate the remainder when i is divided by 33.
31
Let u(d) = 440*d + 4922. Let o(q) = 4 + 17 + q**3 - 2*q**3 + q**2 - q. Calculate the remainder when u(-11) is divided by o(0).
19
Let w(x) = -3*x + 130. Calculate the remainder when 130 is divided by w(5).
15
Suppose -12*v = -9*v - 72. What is the remainder when 84 is divided by v?
12
Let c be -3 + (-4 - 1)*-1. Let g be (2/c)/(23/207). What is the remainder when 223/g + (-22)/(-99) is divided by 9?
7
Calculate the remainder when (15/((-315)/952))/(4/(-30)) is divided by 23.
18
Suppose 4*b - 8*b - o = -28, 4*o - 16 = 0. Let c = 68 - 40. What is the remainder when c is divided by b?
4
Suppose 2*b - 35 = -0*b + t, 5*t - 15 = 0. Suppose 0*r + r + 82 = 0. Let l = r + 138. Calculate the remainder when l is divided by b.
18
Let t(p) = p**3 - 5*p**2 + 17*p - 45. What is the remainder when 271 is divided by t(4)?
5
Suppose 4*i - 1855 = -1435. Calculate the remainder when i is divided by 6.
3
Suppose -3*h + 234 = -39. Let z = -41 + h. Calculate the remainder when z is divided by 17.
16
Suppose 0 = -u + 2*u + 3, 0 = -2*f - 3*u + 151. Suppose -4*l + 5*l = d + 8, -2 = 2*l - 5*d. What is the remainder when f is divided by l?
10
Let z(v) = 3*v**3 - 8*v**2 - 2*v - 16. What is the remainder when z(5) is divided by 46?
11
Suppose y + 4*x + 21 = 2*x, -3*y = -x + 77. What is the remainder when 51 is divided by (-7 - -4) + (5 - y)?
24
Let o(c) = -c**3 + 8*c**2 + 5*c + 11. Let v be o(9). Let f = -5 - v. What is the remainder when 57 is divided by f?
17
Let l(h) be the first derivative of 2*h**3/3 - h**2/2 - 4*h + 3. Let i(j) = 1. Let c(f) = 5*i(f) + l(f). Calculate the remainder when 4 is divided by c(1).
0
Suppose 54 - 15 = o + 5*y, -3*o - 5*y = -77. What is the remainder when 125 is divided by o?
11
Suppose -3*o + 19 + 8 = 0. Calculate the remainder when 103 is divided by ((-78)/4)/(o/(-12)).
25
Calculate the remainder when (42/(-54))/((-13)/117) is divided by -7 - -3 - (2 - 8).
1
Let x(o) = -19*o - 102. Calculate the remainder when 175 is divided by x(-6).
7
Let t = -31 + -6. Let n = t + 21. Let w = n - -26. Calculate the remainder when 38 is divided by w.
8
Suppose -5*q - r + 172 = 0, 10*q - 9*q - 4*r - 26 = 0. Calculate the remainder when 95 is divided by q.
27
Calculate the remainder when -33 + 42 + 227 + 1 is divided by 58.
5
Suppose -30 = -w - 11. Suppose -w = -2*z + z. Let k(u) = 82*u - 239. What is the remainder when z is divided by k(3)?
5
Let g be 1/(1 + 6/(-9)). Let f(k) = -k**2 - 10*k - 16. Let m be f(-7). Suppose w + 0*x - x = 1, m = g*w - 2*x. What is the remainder when 11 is divided by w?
2
Let h be (-18)/33 + (-12192)/(-88). Let j = 173 - h. Calculate the remainder when j is divided by 21.
14
Suppose 24*v + 5*s = 19*v + 35, -v + 3*s = 1. Let b(j) = j**3 + 7*j**2 + j + 9. Calculate the remainder when v is divided by b(-7).
1
Suppose -2*d + 2*c - 5*c = 27, 0 = -3*d + 4*c - 15. Let w = d - -38. What is the remainder when w is divided by 11?
7
Let w = 22 + 2. Let o(t) = -6*t**2 + 46*t - 17. Calculate the remainder when o(5) is divided by 